*i + i + 5*q. What is the remainder when 185 is divided by i?
30
Let t = 25 - 11. Calculate the remainder when 12 is divided by ((-1)/1)/((-2)/t).
5
Suppose 5*r = 172 + 618. Calculate the remainder when r is divided by 16.
14
Let u = -141 + 218. Calculate the remainder when u is divided by 16.
13
Let u = 23 + -11. What is the remainder when 95 is divided by u?
11
Calculate the remainder when 13 is divided by ((-15)/9)/((-3)/9).
3
Let h(x) = -x**3 - x**2 + 5*x + 3. Calculate the remainder when 8 is divided by h(-3).
2
Let l(q) = -q + 4. Let c be l(3). Let p = c + 2. Let w(d) = 2*d**2 + 2*d - 4. Calculate the remainder when 58 is divided by w(p).
18
Let j(g) = -6*g - 24. Calculate the remainder when 14 is divided by j(-6).
2
Calculate the remainder when -10*((-9)/15 - 0) is divided by 2.
0
Suppose 0 = -2*p - 4*s + 8, 4*s - 8 = 5*p - 3*p. Let a = 3 + p. Calculate the remainder when -2*1/((-4)/10) is divided by a.
2
Let n = -13 + 20. Suppose 0*j + 4*j - 8 = 0. Suppose j*b = -3*d + 11 + 5, -b = -5. Calculate the remainder when n is divided by d.
1
Let i(v) = 8*v**2 + 4*v + 1. Let h(b) = b**3 + 7*b**2 - 9*b - 2. Let q be h(-8). Let m = 10 + q. Calculate the remainder when i(-3) is divided by m.
13
Suppose -3*n + 19 + 0 = -c, -4*n - 5*c = 0. Let i(j) = j**3 - 5*j**2 + 4*j + 2. Let k be i(4). Let b = k + 1. What is the remainder when n is divided by b?
2
Let u = 91 - 43. What is the remainder when u is divided by 10?
8
Let v be 56/9 + 12/(-54). Let b(r) = r**2 + r - 2. What is the remainder when b(v) is divided by 21?
19
Let v be (-1*11)/(-2 - -3). Let g = -10 - v. Calculate the remainder when 1 is divided by g.
0
Suppose 3*g - 4*c = 23, 3*g = 8*g - 2*c - 29. Suppose 10 = -4*s + 18. What is the remainder when g is divided by s?
1
Let q(x) = -x**3 + 6*x**2 - 4*x - 5. Let r = 12 + -5. Let b = r - 3. Calculate the remainder when 32 is divided by q(b).
10
Let t(w) = w**3 - 7*w**2 + 7*w + 3. Let v be t(6). Suppose 0 = 5*r - 51 - v. Calculate the remainder when 23 is divided by r.
11
Suppose -5*m = -s + 18 - 8, -4*m - 72 = -4*s. Calculate the remainder when 56 is divided by s.
16
Suppose -3*i + 4*i = 1. Suppose b - 229 = -0*u - 4*u, -3*u - 3*b = -165. What is the remainder when u is divided by i*50*10/25?
18
Let i = -92 + 121. Calculate the remainder when 44 is divided by i.
15
Let q(y) = 2*y**2 + 4*y - 33. What is the remainder when q(5) is divided by 272/28 + (-2)/(-7)?
7
Let c(d) = 4*d + 5. Let s(r) = 8*r + 10. Let j(b) = 11*c(b) - 6*s(b). Calculate the remainder when j(-5) is divided by 8.
7
Calculate the remainder when 2540/90 - 2/9 is divided by 11.
6
Suppose -o = -3*s + 25 + 15, s - o - 10 = 0. Let m(q) = -5*q**3 + q**2. What is the remainder when m(-2) is divided by s?
14
Let i = 3 + -3. Suppose 4*x + 4 = i, -4*h - 4*x - 11 = -27. Calculate the remainder when h is divided by 3.
2
Let d = 28 + -8. Let h(r) = 1. Let t(s) = 15*s**2 - s - 6. Let x(m) = 6*h(m) + t(m). Calculate the remainder when x(2) is divided by d.
18
Suppose -143 = -9*r + 8*r. What is the remainder when r is divided by 36?
35
Let q(o) = o**3 + 12*o**2 - o - 10. Let t be q(-12). Suppose -3 = -t*p + 3. What is the remainder when 6 is divided by p?
0
Let v = 9 - 24. Let a be v/(-3)*4/10. Calculate the remainder when (2/(-5))/(a/(-70)) is divided by 8.
6
Let f be ((-2)/8)/(1/(-4)). Suppose -3 = -4*r + f. Calculate the remainder when r is divided by 1.
0
Suppose -1 = 4*q - 13. Suppose -7*h = -q*h. Suppose v - 4 + 1 = h. Calculate the remainder when v is divided by 2.
1
Suppose -288 = -7*o - 8. Calculate the remainder when 117 is divided by o.
37
Let y = -28 + 12. Calculate the remainder when (-4)/y - (-219)/4 is divided by 19.
17
Let k = 37 - 11. Calculate the remainder when 99 is divided by k.
21
Let m(v) = v**2 - 4*v + 5. What is the remainder when 27 is divided by m(5)?
7
Let x = -14 - -20. Suppose -8 = u - 5*u. Suppose 14 = 3*a + 2*y, -u*a - 2*y + 7 = -3*y. Calculate the remainder when x is divided by a.
2
Suppose -30 = -4*v - 2*p, 0 = 3*v - 4*v + 4*p + 21. What is the remainder when (2 + 2)*25/4 is divided by v?
7
What is the remainder when 20 is divided by 45/6 - (-1)/(-2)?
6
Calculate the remainder when 6/(2 + 0)*592/48 is divided by 13.
11
What is the remainder when (-2)/(2/(-41) + 0) is divided by 2*(14/4 + 4/2)?
8
Let u(z) = -z**2 - z + 15. Let j be u(0). Let k = -7 + j. What is the remainder when 13 is divided by k?
5
Suppose -3*c - 2 = -17. Let h = -23 + 32. Calculate the remainder when h is divided by c.
4
Calculate the remainder when (-16)/32 - (-85)/2 is divided by 9.
6
Suppose 4*t = 4*s - 3*s + 21, -s = 5*t - 24. Let d(p) = 6*p**3 - p**2 + 3*p - 2. Let b be d(1). Let w = b - s. What is the remainder when w is divided by 3?
1
Let q = -8 - -11. Suppose -h - q = -1, 0 = 3*p + 2*h - 17. Suppose 4*c - 100 = -c. What is the remainder when c is divided by p?
6
Suppose f = -4*f + 20. Calculate the remainder when 15 is divided by f.
3
Suppose 305 = 5*b + 5*a, 2*a = -2*a. Suppose v + 0*v - b = 0. Calculate the remainder when v is divided by (1 - 2)/(2/(-42)).
19
Let w be -3 + -2 + 3 + -3. Let y = -3 - w. Suppose f + 0*f - 2 = 0. Calculate the remainder when y is divided by f.
0
Let b(d) = 2*d**2 + 12*d + 4. What is the remainder when b(-10) is divided by 22?
18
Let p(j) = j**2 + 3*j - 9. Let z(k) = 2*k**2 + 5*k - 17. Let d(t) = -11*p(t) + 6*z(t). Calculate the remainder when d(4) is divided by (-6)/(-4)*2/3.
0
Let x(m) = -m**2 + 8*m - 7. Let t(h) = -h**3 - 7*h**2 + 9*h + 16. What is the remainder when t(-8) is divided by x(6)?
3
Suppose 0 = 4*m - 2*m - 14. Calculate the remainder when 10 is divided by m.
3
Let v = 42 - -20. What is the remainder when v is divided by 20 + (0 - 0 - -1)?
20
Let v = 29 - 11. What is the remainder when v is divided by 5?
3
Let o be -1*0*(-1)/2. Suppose 0 = -o*v - v - 15. Let r = -10 - v. Calculate the remainder when 8 is divided by r.
3
Calculate the remainder when 25 is divided by 235/25 - -1*(-4)/10.
7
Suppose 4*s - 4*t = -s - 10, 20 = 4*t. Suppose -l + 4*j = -0*l - 7, 0 = -s*l - j + 5. Let r = -10 - -17. Calculate the remainder when r is divided by l.
1
Calculate the remainder when 29 is divided by 0 + (-60)/(4 - 8).
14
Let y(g) = -g**3 - 18*g**2 - g + 23. Let v be y(-18). Suppose 11 - v = -2*u. Calculate the remainder when 59 is divided by u.
14
Let u = -24 + 45. What is the remainder when 40 is divided by u?
19
Let x be (-7)/((9/3)/(-3)). Let m = 17 - x. Calculate the remainder when m is divided by 4.
2
Let h be (-32)/18 - (-2)/(-9). Let d = 4 - -1. What is the remainder when 72/(-4)*h/4 is divided by d?
4
Let w be 10*((-1)/2 + 2). Suppose i - w - 4 = 0. Calculate the remainder when i is divided by 11.
8
Let g(b) = -3*b + 7. Let r be g(5). Let w = r + 12. Suppose i + 0*i + 66 = 2*a, 0 = -a - w*i + 15. Calculate the remainder when a is divided by 11.
9
Let t(b) = -b + 22. Suppose 8*g = 9*g. Calculate the remainder when t(g) is divided by 12.
10
Let f = -13 + 24. What is the remainder when f is divided by 5?
1
Suppose 0 = 2*q - 5*j - 134, q + q + j = 122. Let v = -39 + q. What is the remainder when 45 is divided by v?
22
Let p(d) = -2*d - 7*d**2 - 1 + 3*d**3 - 2*d**3 + 3*d**2. Let t be p(4). Let o = t - -23. Calculate the remainder when o is divided by 5.
4
Suppose 0 - 4 = -2*k. Suppose k*d - 32 = 4*o + 6, -3*d = -4*o - 59. Calculate the remainder when d is divided by 11.
10
Suppose -6 = -3*m, -2*s = -6*s + 2*m + 156. Calculate the remainder when s is divided by 11.
7
Let a = -34 - -37. Calculate the remainder when 9 is divided by a.
0
Let r be (3 + -2 + -1)/1. Suppose r = 2*m - l + 4*l - 46, 2*l - 44 = -2*m. Calculate the remainder when 38 is divided by m.
18
Suppose 14 - 64 = -5*x. Calculate the remainder when 36 is divided by x.
6
Suppose -2*h + 200 = 3*h. Let l = -27 + h. Let p = 27 + -20. Calculate the remainder when l is divided by p.
6
Let c(y) = -y**3 + 7*y**2 - 2*y + 7. Let r = 1 + 10. What is the remainder when c(6) is divided by r?
9
Suppose 0 = -3*v + 77 - 17. Suppose -3*u = u - v. Suppose -d - r + 3*r = 0, -16 = -u*d + 2*r. Calculate the remainder when 11 is divided by d.
3
Let r be ((-39)/(-1 - 2))/1. Suppose k + 0*c + r = -5*c, -5*k - 45 = 5*c. Let b = 4 - k. Calculate the remainder when 23 is divided by b.
11
Let s(v) = v**2 + 12*